{"id":1423,"date":"2024-01-24T15:52:59","date_gmt":"2024-01-24T14:52:59","guid":{"rendered":"https:\/\/tool.e-active.eu\/?post_type=mec-events&#038;p=1423"},"modified":"2024-01-26T09:07:27","modified_gmt":"2024-01-26T08:07:27","slug":"pchli-targ","status":"publish","type":"mec-events","link":"https:\/\/tool.e-active.eu\/pl\/face-to-face-activities\/pchli-targ\/","title":{"rendered":"Pchli Targ"},"content":{"rendered":"<h4>Opis:<\/h4>\n<p><span style=\"font-weight: 400;\">Jak wszyscy wiemy, nasze domy \u0142atwo zape\u0142niaj\u0105 si\u0119 rzeczami, kt\u00f3re z biegiem czasu odk\u0142adamy na bok i gromadzimy, poniewa\u017c uwa\u017camy, \u017ce mog\u0105 si\u0119 przyda\u0107 w p\u00f3\u017aniejszym czasie. Jednak finalnie szybko o nich zapominamy, \u017ce one starzej\u0105 si\u0119 gdzie\u015b w k\u0105cie na strychu lub w szafie. Dlaczego wi\u0119c nie mieliby\u015bmy da\u0107 takim rzeczom nowego \u017cycia?<\/span><\/p>\n<p><span style=\"font-weight: 400;\">Do\u0142\u0105cz do nas na pchlim targu, na kt\u00f3ry wszyscy przywieziemy co\u015b, czego ju\u017c nie u\u017cywamy, ale jest jeszcze w dobrym stanie, aby odzyska\u0142o warto\u015b\u0107 i zamie\u0144my to na co\u015b innego, czego faktycznie potrzebujemy. B\u0119dzie to fantastyczna okazja do poznania nowych ludzi, wsp\u00f3lnej zabawy, wspominania starych historii kryj\u0105cych si\u0119 za przedmiotami, kt\u00f3re ka\u017cdy przyniesie i budowania ma\u0142ej spo\u0142eczno\u015bci!<\/span><\/p>\n<p><span style=\"font-weight: 400;\">Handel b\u0119dzie barterowy, wi\u0119c wymiana rzeczy b\u0119dzie mia\u0142a charakter transakcji niepieni\u0119\u017cnej. Musisz zabra\u0107 ze sob\u0105 co\u015b, czym chcesz si\u0119 podzieli\u0107 z innymi, tak aby by\u0142a to wymiana korzystna dla obu stron. Na przyk\u0142ad mo\u017cesz zabra\u0107 ze sob\u0105 ksi\u0105\u017cki, ubrania, drobne meble, akcesoria itp.<\/span><\/p>\n","protected":false},"excerpt":{"rendered":"<p>Opis: Jak wszyscy wiemy, nasze domy \u0142atwo zape\u0142niaj\u0105 si\u0119 rzeczami,  [&#8230;]<\/p>\n","protected":false},"author":2,"featured_media":1242,"comment_status":"closed","ping_status":"closed","template":"","tags":[],"mec_category":[132],"class_list":["post-1423","mec-events","type-mec-events","status-publish","has-post-thumbnail","hentry","mec_category-dzialalnosc-spoleczna"],"_links":{"self":[{"href":"https:\/\/tool.e-active.eu\/pl\/wp-json\/wp\/v2\/mec-events\/1423","targetHints":{"allow":["GET"]}}],"collection":[{"href":"https:\/\/tool.e-active.eu\/pl\/wp-json\/wp\/v2\/mec-events"}],"about":[{"href":"https:\/\/tool.e-active.eu\/pl\/wp-json\/wp\/v2\/types\/mec-events"}],"author":[{"embeddable":true,"href":"https:\/\/tool.e-active.eu\/pl\/wp-json\/wp\/v2\/users\/2"}],"replies":[{"embeddable":true,"href":"https:\/\/tool.e-active.eu\/pl\/wp-json\/wp\/v2\/comments?post=1423"}],"wp:featuredmedia":[{"embeddable":true,"href":"https:\/\/tool.e-active.eu\/pl\/wp-json\/wp\/v2\/media\/1242"}],"wp:attachment":[{"href":"https:\/\/tool.e-active.eu\/pl\/wp-json\/wp\/v2\/media?parent=1423"}],"wp:term":[{"taxonomy":"post_tag","embeddable":true,"href":"https:\/\/tool.e-active.eu\/pl\/wp-json\/wp\/v2\/tags?post=1423"},{"taxonomy":"mec_category","embeddable":true,"href":"https:\/\/tool.e-active.eu\/pl\/wp-json\/wp\/v2\/mec_category?post=1423"}],"curies":[{"name":"wp","href":"https:\/\/api.w.org\/{rel}","templated":true}]}}

<h4>Opis:</h4>
<p><span style="font-weight: 400;">Jak wszyscy wiemy, nasze domy łatwo zapełniają się rzeczami, które z biegiem czasu odkładamy na bok i gromadzimy, ponieważ uważamy, że mogą się przydać w późniejszym czasie. Jednak finalnie szybko o nich zapominamy, że one starzeją się gdzieś w kącie na strychu lub w szafie. Dlaczego więc nie mielibyśmy dać takim rzeczom nowego życia?</span></p>
<p><span style="font-weight: 400;">Dołącz do nas na pchlim targu, na który wszyscy przywieziemy coś, czego już nie używamy, ale jest jeszcze w dobrym stanie, aby odzyskało wartość i zamieńmy to na coś innego, czego faktycznie potrzebujemy. Będzie to fantastyczna okazja do poznania nowych ludzi, wspólnej zabawy, wspominania starych historii kryjących się za przedmiotami, które każdy przyniesie i budowania małej społeczności!</span></p>
<p><span style="font-weight: 400;">Handel będzie barterowy, więc wymiana rzeczy będzie miała charakter transakcji niepieniężnej. Musisz zabrać ze sobą coś, czym chcesz się podzielić z innymi, tak aby była to wymiana korzystna dla obu stron. Na przykład możesz zabrać ze sobą książki, ubrania, drobne meble, akcesoria itp.</span></p>

<p>Opis: Jak wszyscy wiemy, nasze domy łatwo zapełniają się rzeczami,  [&#8230;]</p>
